/*

SQLyog Ultimate v8.6 Beta2
MySQL - 8.0.27 : Database - interfic_inestoroest

*********************************************************************

*/













/*Table structure for table `desembolsos` */






CREATE TABLE `desembolsos` (
  `dese_id` int unsigned NOT NULL AUTO_INCREMENT,
  `dese_fechadesembolso` datetime NOT NULL,
  `dese_monto` double NOT NULL,
  `dese_fecha` datetime NOT NULL,
  `dese_post_id` int unsigned NOT NULL,
  PRIMARY KEY (`dese_id`),
  UNIQUE KEY `dese_id_UNIQUE` (`dese_id`),
  KEY `fk_desembolsos_postulaciones1_idx` (`dese_post_id`),
  CONSTRAINT `fk_desembolsos_postulaciones1` FOREIGN KEY (`dese_post_id`) REFERENCES `postulaciones` (`post_id`)
) ENGINE=InnoDB AUTO_INCREMENT=2 DEFAULT CHARSET=utf8mb3;



/*Data for the table `desembolsos` */



insert  into `desembolsos`(`dese_id`,`dese_fechadesembolso`,`dese_monto`,`dese_fecha`,`dese_post_id`) values (1,'2024-01-01 00:00:00',50,'2024-05-05 00:00:00',7);



/*Table structure for table `operacion` */






CREATE TABLE `operacion` (
  `id` int NOT NULL AUTO_INCREMENT,
  `nombre` varchar(64) CHARACTER SET utf8 COLLATE utf8_unicode_ci NOT NULL,
  PRIMARY KEY (`id`)
) ENGINE=InnoDB AUTO_INCREMENT=9 DEFAULT CHARSET=utf8mb3 COLLATE=utf8_unicode_ci;



/*Data for the table `operacion` */



insert  into `operacion`(`id`,`nombre`) values (1,'*'),(3,'site-login'),(4,'site-logout'),(5,'site-index'),(6,'postulaciones-createprimera'),(7,'postulaciones-view'),(8,'postulaciones-indexunico');



/*Table structure for table `pagos` */






CREATE TABLE `pagos` (
  `pago_id` int unsigned NOT NULL AUTO_INCREMENT,
  `pago_monto` double NOT NULL,
  `pago_fechapago` datetime NOT NULL,
  `pago_fecha` datetime NOT NULL,
  `pago_user_id` int unsigned NOT NULL,
  `pago_post_id` int unsigned NOT NULL,
  `pago_pati_id` int unsigned NOT NULL,
  `pago_codigoconfirmacion` longtext,
  `pago_codigotransaccion` longtext,
  `pago_intereses` double DEFAULT NULL,
  `pago_comision` double DEFAULT NULL,
  PRIMARY KEY (`pago_id`),
  UNIQUE KEY `pago_id_UNIQUE` (`pago_id`),
  KEY `fk_pagos_user1_idx` (`pago_user_id`),
  KEY `fk_pagos_postulaciones1_idx` (`pago_post_id`),
  KEY `fk_pagos_pagostipos1_idx` (`pago_pati_id`),
  CONSTRAINT `fk_pagos_pagostipos1` FOREIGN KEY (`pago_pati_id`) REFERENCES `pagostipos` (`pati_id`),
  CONSTRAINT `fk_pagos_postulaciones1` FOREIGN KEY (`pago_post_id`) REFERENCES `postulaciones` (`post_id`),
  CONSTRAINT `fk_pagos_user1` FOREIGN KEY (`pago_user_id`) REFERENCES `user` (`id`)
) ENGINE=InnoDB AUTO_INCREMENT=3 DEFAULT CHARSET=utf8mb3;



/*Data for the table `pagos` */



insert  into `pagos`(`pago_id`,`pago_monto`,`pago_fechapago`,`pago_fecha`,`pago_user_id`,`pago_post_id`,`pago_pati_id`,`pago_codigoconfirmacion`,`pago_codigotransaccion`,`pago_intereses`,`pago_comision`) values (1,20,'2024-09-11 00:00:00','2024-09-01 16:35:28',1,7,1,NULL,NULL,0,0),(2,100000000,'2024-10-10 00:00:00','2024-09-01 17:41:36',1,7,1,NULL,NULL,0,0);



/*Table structure for table `pagostipos` */






CREATE TABLE `pagostipos` (
  `pati_id` int unsigned NOT NULL AUTO_INCREMENT,
  `pati_nombre` varchar(250) NOT NULL,
  PRIMARY KEY (`pati_id`)
) ENGINE=InnoDB AUTO_INCREMENT=3 DEFAULT CHARSET=utf8mb3;



/*Data for the table `pagostipos` */



insert  into `pagostipos`(`pati_id`,`pati_nombre`) values (1,'Manual'),(2,'Electrónico');



/*Table structure for table `postulaciones` */






CREATE TABLE `postulaciones` (
  `post_id` int unsigned NOT NULL AUTO_INCREMENT,
  `post_user_id` int unsigned NOT NULL,
  `post_fecha` datetime NOT NULL,
  `post_fechaultimoestado` datetime DEFAULT NULL,
  `post_poes_id` int unsigned NOT NULL,
  `post_firma` longtext CHARACTER,
  `post_lugarestudios` varchar(250) NOT NULL COMMENT 'Lugar de los estudios',
  `post_valorprestamo` varchar(250) NOT NULL COMMENT 'Valor del prestamo',
  `post_numerosolicitud` varchar(250) NOT NULL COMMENT 'Número de solicitud',
  `post_primerapellido` varchar(250) NOT NULL COMMENT 'Primer Apellido',
  `post_segundoapellido` varchar(250) DEFAULT NULL COMMENT 'Segundo Apellido',
  `post_nombres` varchar(250) NOT NULL COMMENT 'Nombres',
  `post_lugarnacimiento` varchar(250) NOT NULL COMMENT 'Lugar de Nacimiento',
  `post_departamentomunicipio` varchar(250) DEFAULT NULL COMMENT 'Departamento y Municipio',
  `post_estadocivil` varchar(250) DEFAULT NULL COMMENT 'Estado Civil',
  `post_edad` varchar(250) NOT NULL COMMENT 'Edad',
  `post_documentotipo` varchar(250) NOT NULL COMMENT 'Tipo de Documento',
  `post_documentonumero` varchar(250) NOT NULL COMMENT 'Número de Documento',
  `post_sexo` varchar(250) DEFAULT NULL COMMENT 'Sexo',
  `post_direccionnucleofamiliar` varchar(250) DEFAULT NULL COMMENT 'Dirección del Núcleo Familiar',
  `post_ciudadnucleofamiliar` varchar(250) DEFAULT NULL COMMENT 'Ciudad del Núcleo Familiar',
  `post_telefonofamiliar` varchar(250) DEFAULT NULL COMMENT 'Teléfono Familiar',
  `post_direccionactual` varchar(250) NOT NULL COMMENT 'Dirección Actual',
  `post_ciudadactual` varchar(250) NOT NULL COMMENT 'Ciudad Actual',
  `post_celular` varchar(250) NOT NULL COMMENT 'Celular',
  `post_email` varchar(250) NOT NULL COMMENT 'Correo Electrónico',
  `post_nombrecentrodocente` varchar(250) NOT NULL COMMENT 'Nombre del Centro Docente',
  `post_carreraprograma` varchar(250) NOT NULL COMMENT 'Carrera o Programa de Estudio',
  `post_ciudadcentrodocente` varchar(250) NOT NULL COMMENT 'Ciudad del Centro Docente',
  `post_paiscentrodocente` varchar(250) DEFAULT NULL COMMENT 'País del Centro Docente',
  `post_jornada` varchar(250) DEFAULT NULL COMMENT 'Jornada',
  `post_cursosemestre` varchar(250) DEFAULT NULL COMMENT 'Curso o Semestre',
  `post_dependenciaeconomica` varchar(250) DEFAULT NULL COMMENT 'Dependencia Económica',
  `post_ingresosmensualesfamilia` varchar(250) DEFAULT NULL COMMENT 'Ingresos Mensuales del Núcleo Familiar',
  `post_viveconfamilia` varchar(250) DEFAULT NULL COMMENT 'Vive con Su Familia',
  `post_pagaarriendo` varchar(250) DEFAULT NULL COMMENT 'Paga Arriendo',
  `post_estratosocioeconomico` varchar(250) DEFAULT NULL COMMENT 'Estrato Socioeconómico',
  `post_primerapellidopadre` varchar(250) DEFAULT NULL COMMENT 'Primer Apellido del Padre',
  `post_segundoapellidopadre` varchar(250) DEFAULT NULL COMMENT 'Segundo Apellido del Padre',
  `post_nombrepadre` varchar(250) DEFAULT NULL COMMENT 'Nombre del Padre',
  `post_documentopadre` varchar(250) DEFAULT NULL COMMENT 'Documento del Padre',
  `post_lugarnacimientopadre` varchar(250) DEFAULT NULL COMMENT 'Lugar de Nacimiento del Padre',
  `post_fechanacimientopadre` varchar(250) DEFAULT NULL COMMENT 'Fecha de Nacimiento del Padre',
  `post_direccionresidenciapadre` varchar(250) DEFAULT NULL COMMENT 'Dirección de Residencia del Padre',
  `post_ciudadresidenciapadre` varchar(250) DEFAULT NULL COMMENT 'Ciudad de Residencia del Padre',
  `post_telefonocelularpadre` varchar(250) DEFAULT NULL COMMENT 'Teléfono Celular del Padre',
  `post_lugartrabajopadre` varchar(250) DEFAULT NULL COMMENT 'Lugar de Trabajo del Padre',
  `post_direcciontrabajopadre` varchar(250) DEFAULT NULL COMMENT 'Dirección de Trabajo del Padre',
  `post_telefonotrabajopadre` varchar(250) DEFAULT NULL COMMENT 'Teléfono de Trabajo del Padre',
  `post_primerapellidomadre` varchar(250) DEFAULT NULL COMMENT 'Primer Apellido de la Madre',
  `post_segundoapellidomadre` varchar(250) DEFAULT NULL COMMENT 'Segundo Apellido de la Madre',
  `post_nombremadre` varchar(250) DEFAULT NULL COMMENT 'Nombre de la Madre',
  `post_documentomadre` varchar(250) DEFAULT NULL COMMENT 'Documento de la Madre',
  `post_lugarnacimientomadre` varchar(250) DEFAULT NULL COMMENT 'Lugar de Nacimiento de la Madre',
  `post_fechanacimientomadre` varchar(250) DEFAULT NULL COMMENT 'Fecha de Nacimiento de la Madre',
  `post_direccionresidenciamadre` varchar(250) DEFAULT NULL COMMENT 'Dirección de Residencia de la Madre',
  `post_ciudadresidenciamadre` varchar(250) DEFAULT NULL COMMENT 'Ciudad de Residencia de la Madre',
  `post_telefonocelularmadre` varchar(250) DEFAULT NULL COMMENT 'Teléfono Celular de la Madre',
  `post_lugartrabajomadre` varchar(250) DEFAULT NULL COMMENT 'Lugar de Trabajo de la Madre',
  `post_direcciontrabajomadre` varchar(250) DEFAULT NULL COMMENT 'Dirección de Trabajo de la Madre',
  `post_telefonotrabajomadre` varchar(250) DEFAULT NULL COMMENT 'Teléfono de Trabajo de la Madre',
  `post_primerapellidocodeudor1` varchar(250) DEFAULT NULL COMMENT 'Primer Apellido del Primer Codeudor',
  `post_segundoapellidocodeudor1` varchar(250) DEFAULT NULL COMMENT 'Segundo Apellido del Primer Codeudor',
  `post_nombrecodeudor1` varchar(250) DEFAULT NULL COMMENT 'Nombre del Primer Codeudor',
  `post_documentocodeudor1` varchar(250) DEFAULT NULL COMMENT 'Documento del Primer Codeudor',
  `post_direccionresidenciacodeudor1` varchar(250) DEFAULT NULL COMMENT 'Dirección de Residencia del Primer Codeudor',
  `post_ciudadresidenciacodeudor1` varchar(250) DEFAULT NULL COMMENT 'Ciudad de Residencia del Primer Codeudor',
  `post_telefonocelularcodeudor1` varchar(250) DEFAULT NULL COMMENT 'Teléfono Celular del Primer Codeudor',
  `post_primerapellidocodeudor2` varchar(250) DEFAULT NULL COMMENT 'Primer Apellido del Segundo Codeudor',
  `post_segundoapellidocodeudor2` varchar(250) DEFAULT NULL COMMENT 'Segundo Apellido del Segundo Codeudor',
  `post_nombrecodeudor2` varchar(250) DEFAULT NULL COMMENT 'Nombre del Segundo Codeudor',
  `post_documentocodeudor2` varchar(250) DEFAULT NULL COMMENT 'Documento del Segundo Codeudor',
  `post_direccionresidenciacodeudor2` varchar(250) DEFAULT NULL COMMENT 'Dirección de Residencia del Segundo Codeudor',
  `post_ciudadresidenciacodeudor2` varchar(250) DEFAULT NULL COMMENT 'Ciudad de Residencia del Segundo Codeudor',
  `post_telefonocelularcodeudor2` varchar(250) DEFAULT NULL COMMENT 'Teléfono Celular del Segundo Codeudor',
  PRIMARY KEY (`post_id`),
  UNIQUE KEY `post_id_UNIQUE` (`post_id`),
  KEY `fk_postulaciones_user1_idx` (`post_user_id`),
  KEY `fk_postulaciones_postulacionesestados1_idx` (`post_poes_id`),
  CONSTRAINT `fk_postulaciones_postulacionesestados1` FOREIGN KEY (`post_poes_id`) REFERENCES `postulacionesestados` (`poes_id`),
  CONSTRAINT `fk_postulaciones_user1` FOREIGN KEY (`post_user_id`) REFERENCES `user` (`id`)
) ENGINE=InnoDB AUTO_INCREMENT=8 DEFAULT CHARSET=utf8mb3;



/*Data for the table `postulaciones` */



insert  into `postulaciones`(`post_id`,`post_user_id`,`post_fecha`,`post_fechaultimoestado`,`post_poes_id`,`post_firma`,`post_lugarestudios`,`post_valorprestamo`,`post_numerosolicitud`,`post_primerapellido`,`post_segundoapellido`,`post_nombres`,`post_lugarnacimiento`,`post_departamentomunicipio`,`post_estadocivil`,`post_edad`,`post_documentotipo`,`post_documentonumero`,`post_sexo`,`post_direccionnucleofamiliar`,`post_ciudadnucleofamiliar`,`post_telefonofamiliar`,`post_direccionactual`,`post_ciudadactual`,`post_celular`,`post_email`,`post_nombrecentrodocente`,`post_carreraprograma`,`post_ciudadcentrodocente`,`post_paiscentrodocente`,`post_jornada`,`post_cursosemestre`,`post_dependenciaeconomica`,`post_ingresosmensualesfamilia`,`post_viveconfamilia`,`post_pagaarriendo`,`post_estratosocioeconomico`,`post_primerapellidopadre`,`post_segundoapellidopadre`,`post_nombrepadre`,`post_documentopadre`,`post_lugarnacimientopadre`,`post_fechanacimientopadre`,`post_direccionresidenciapadre`,`post_ciudadresidenciapadre`,`post_telefonocelularpadre`,`post_lugartrabajopadre`,`post_direcciontrabajopadre`,`post_telefonotrabajopadre`,`post_primerapellidomadre`,`post_segundoapellidomadre`,`post_nombremadre`,`post_documentomadre`,`post_lugarnacimientomadre`,`post_fechanacimientomadre`,`post_direccionresidenciamadre`,`post_ciudadresidenciamadre`,`post_telefonocelularmadre`,`post_lugartrabajomadre`,`post_direcciontrabajomadre`,`post_telefonotrabajomadre`,`post_primerapellidocodeudor1`,`post_segundoapellidocodeudor1`,`post_nombrecodeudor1`,`post_documentocodeudor1`,`post_direccionresidenciacodeudor1`,`post_ciudadresidenciacodeudor1`,`post_telefonocelularcodeudor1`,`post_primerapellidocodeudor2`,`post_segundoapellidocodeudor2`,`post_nombrecodeudor2`,`post_documentocodeudor2`,`post_direccionresidenciacodeudor2`,`post_ciudadresidenciacodeudor2`,`post_telefonocelularcodeudor2`) values (1,1,'2024-09-01 06:13:06','2024-09-01 06:13:06',1,NULL,'Colombia','3000000','123456','Gómez','Pérez','Carlos Alberto','Bogotá','Cundinamarca','Soltero','30','C.C.','12345678','Masculino','Carrera 45 #30-20','Bogotá','3001234567','Calle 10 #20-30','Medellín','3007654321','carlos.gomez@example.com','Universidad Nacional','Ingeniería de Sistemas','Medellín','Colombia','Diurna','5','Padres','4000000','Sí','No','3','Gómez','Rodríguez','Juan','98765432','Bogotá','1965-08-12','Carrera 15 #20-40','Bogotá','3011234567','Empresa XYZ','Calle 50 #70-30','3021234567','Pérez','García','María','87654321','Medellín','1967-05-15','Calle 100 #25-50','Medellín','3031234567','Hospital ABC','Avenida 80 #40-10','3041234567','Ramírez','López','José','54321678','Carrera 20 #30-10','Cali','3051234567','Martínez','Gómez','Ana','65432189','Calle 60 #40-20','Barranquilla','3061234567'),(2,1,'2024-09-01 06:14:22','2024-09-01 06:14:22',1,NULL,'Colombia','3000000','123456','Gómez','Pérez','Carlos Alberto','Bogotá','Cundinamarca','Soltero','30','C.C.','12345678','Masculino','Carrera 45 #30-20','Bogotá','3001234567','Calle 10 #20-30','Medellín','3007654321','carlos.gomez@example.com','Universidad Nacional','Ingeniería de Sistemas','Medellín','Colombia','Diurna','5','Padres','4000000','Sí','No','3','Gómez','Rodríguez','Juan','98765432','Bogotá','1965-08-12','Carrera 15 #20-40','Bogotá','3011234567','Empresa XYZ','Calle 50 #70-30','3021234567','Pérez','García','María','87654321','Medellín','1967-05-15','Calle 100 #25-50','Medellín','3031234567','Hospital ABC','Avenida 80 #40-10','3041234567','Ramírez','López','José','54321678','Carrera 20 #30-10','Cali','3051234567','Martínez','Gómez','Ana','65432189','Calle 60 #40-20','Barranquilla','3061234567'),(3,1,'2024-09-01 06:26:27','2024-09-01 06:26:27',1,NULL,'Colombia','3000000','123456','Gómez','Pérez','Carlos Alberto','Bogotá','Cundinamarca','Soltero','30','C.C.','12345678','Masculino','Carrera 45 #30-20','Bogotá','3001234567','Calle 10 #20-30','Medellín','3007654321','carlos.gomez@example.com','Universidad Nacional','Ingeniería de Sistemas','Medellín','Colombia','Diurna','5','Padres','4000000','Sí','No','3','Gómez','Rodríguez','Juan','98765432','Bogotá','1965-08-12','Carrera 15 #20-40','Bogotá','3011234567','Empresa XYZ','Calle 50 #70-30','3021234567','Pérez','García','María','87654321','Medellín','1967-05-15','Calle 100 #25-50','Medellín','3031234567','Hospital ABC','Avenida 80 #40-10','3041234567','Ramírez','López','José','54321678','Carrera 20 #30-10','Cali','3051234567','Martínez','Gómez','Ana','65432189','Calle 60 #40-20','Barranquilla','3061234567'),(4,1,'2024-09-01 06:34:03','2024-09-01 06:34:03',1,NULL,'Colombia','3000000','123456','Gómez','Pérez','Carlos Alberto','Bogotá','Cundinamarca','Soltero','30','C.C.','12345678','Masculino','Carrera 45 #30-20','Bogotá','3001234567','Calle 10 #20-30','Medellín','3007654321','carlos.gomez@example.com','Universidad Nacional','Ingeniería de Sistemas','Medellín','Colombia','Diurna','5','Padres','4000000','Sí','No','3','Gómez','Rodríguez','Juan','98765432','Bogotá','1965-08-12','Carrera 15 #20-40','Bogotá','3011234567','Empresa XYZ','Calle 50 #70-30','3021234567','Pérez','García','María','87654321','Medellín','1967-05-15','Calle 100 #25-50','Medellín','3031234567','Hospital ABC','Avenida 80 #40-10','3041234567','Ramírez','López','José','54321678','Carrera 20 #30-10','Cali','3051234567','Martínez','Gómez','Ana','65432189','Calle 60 #40-20','Barranquilla','3061234567'),(5,1,'2024-09-01 06:38:48','2024-09-01 06:38:48',1,'data:image/png;base64,iVBORw0KGgoAAAANSUhEUgAAAZAAAADICAYAAADGFbfiAAAAAXNSR0IArs4c6QAAIABJREFUeF7tnQfYNkV1hh+jRo0FG3ZBwYZEscYuxihiiYrYSIjYDdZI1KixRCyx94IFTWJsYOxgj12xGwtWFI2KvcReotnbzOiwvO+7O7uz35b3Odf1Xz/83057Zr89M6c851SyGAEjYASMgBHogMCpOrRxEyNgBIyA','Colombia','3000000','123456','Gómez','Pérez','Carlos Alberto','Bogotá','Cundinamarca','Soltero','30','C.C.','12345678','Masculino','Carrera 45 #30-20','Bogotá','3001234567','Calle 10 #20-30','Medellín','3007654321','carlos.gomez@example.com','Universidad Nacional','Ingeniería de Sistemas','Medellín','Colombia','Diurna','5','Padres','4000000','Sí','No','3','Gómez','Rodríguez','Juan','98765432','Bogotá','1965-08-12','Carrera 15 #20-40','Bogotá','3011234567','Empresa XYZ','Calle 50 #70-30','3021234567','Pérez','García','María','87654321','Medellín','1967-05-15','Calle 100 #25-50','Medellín','3031234567','Hospital ABC','Avenida 80 #40-10','3041234567','Ramírez','López','José','54321678','Carrera 20 #30-10','Cali','3051234567','Martínez','Gómez','Ana','65432189','Calle 60 #40-20','Barranquilla','3061234567'),(6,1,'2024-09-01 07:02:14','2024-09-01 07:02:14',1,'data:image/png;base64,[BLOB]','Colombia','3000000','123456','Gómez','Pérez','Carlos Alberto','Bogotá','Cundinamarca','Soltero','30','C.C.','12345678','Masculino','Carrera 45 #30-20','Bogotá','3001234567','Calle 10 #20-30','Medellín','3007654321','carlos.gomez@example.com','Universidad Nacional','Ingeniería de Sistemas','Medellín','Colombia','Diurna','5','Padres','4000000','Sí','No','3','Gómez','Rodríguez','Juan','98765432','Bogotá','1965-08-12','Carrera 15 #20-40','Bogotá','3011234567','Empresa XYZ','Calle 50 #70-30','3021234567','Pérez','García','María','87654321','Medellín','1967-05-15','Calle 100 #25-50','Medellín','3031234567','Hospital ABC','Avenida 80 #40-10','3041234567','Ramírez','López','José','54321678','Carrera 20 #30-10','Cali','3051234567','Martínez','Gómez','Ana','65432189','Calle 60 #40-20','Barranquilla','3061234567'),(7,18,'2024-09-01 07:23:54','2024-09-01 07:23:54',2,'data:image/png;base64,[BLOB]','Colombia','3000000','123456','Gómez','Pérez','Carlos Alberto','Bogotá','Cundinamarca','Soltero','30','C.C.','12345678','Masculino','Carrera 45 #30-20','Bogotá','3001234567','Calle 10 #20-30','Medellín','3007654321','carlos.gomez@example.com','Universidad Nacional','Ingeniería de Sistemas','Medellín','Colombia','Diurna','5','Padres','4000000','Sí','No','3','Gómez','Rodríguez','Juan','98765432','Bogotá','1965-08-12','Carrera 15 #20-40','Bogotá','3011234567','Empresa XYZ','Calle 50 #70-30','3021234567','Pérez','García','María','87654321','Medellín','1967-05-15','Calle 100 #25-50','Medellín','3031234567','Hospital ABC','Avenida 80 #40-10','3041234567','Ramírez','López','José','54321678','Carrera 20 #30-10','Cali','3051234567','Martínez','Gómez','Ana','65432189','Calle 60 #40-20','Barranquilla','3061234567');



/*Table structure for table `postulacionesestados` */






CREATE TABLE `postulacionesestados` (
  `poes_id` int unsigned NOT NULL AUTO_INCREMENT,
  `poes_nombre` varchar(250) NOT NULL,
  PRIMARY KEY (`poes_id`),
  UNIQUE KEY `poes_id_UNIQUE` (`poes_id`)
) ENGINE=InnoDB AUTO_INCREMENT=5 DEFAULT CHARSET=utf8mb3;



/*Data for the table `postulacionesestados` */



insert  into `postulacionesestados`(`poes_id`,`poes_nombre`) values (1,'Recibida'),(2,'En estudio'),(3,'Aprobado'),(4,'Rechazado');



/*Table structure for table `rol` */






CREATE TABLE `rol` (
  `id` int NOT NULL AUTO_INCREMENT,
  `nombre` varchar(32) CHARACTER SET utf8 COLLATE utf8_unicode_ci NOT NULL,
  PRIMARY KEY (`id`)
) ENGINE=InnoDB AUTO_INCREMENT=4 DEFAULT CHARSET=utf8mb3 COLLATE=utf8_unicode_ci;



/*Data for the table `rol` */



insert  into `rol`(`id`,`nombre`) values (1,'Super Admin'),(2,'Super Usuario'),(3,'Estudiante');



/*Table structure for table `rol_operacion` */






CREATE TABLE `rol_operacion` (
  `rol_id` int NOT NULL,
  `operacion_id` int NOT NULL,
  PRIMARY KEY (`rol_id`,`operacion_id`)
) ENGINE=InnoDB DEFAULT CHARSET=utf8mb3 COLLATE=utf8_unicode_ci;



/*Data for the table `rol_operacion` */



insert  into `rol_operacion`(`rol_id`,`operacion_id`) values (1,1),(3,2),(3,3),(3,4),(3,5),(3,6),(3,7),(3,8);



/*Table structure for table `usersdetalles` */






CREATE TABLE `usersdetalles` (
  `usde_id` int unsigned NOT NULL AUTO_INCREMENT,
  `usde_user_id` int unsigned NOT NULL,
  `usde_foto` varchar(250) DEFAULT NULL,
  `usde_primerapellido` varchar(250) NOT NULL COMMENT 'Primer Apellido',
  `usde_segundoapellido` varchar(250) DEFAULT NULL COMMENT 'Segundo Apellido',
  `usde_nombres` varchar(250) NOT NULL COMMENT 'Nombres',
  `usde_lugarnacimiento` varchar(250) NOT NULL COMMENT 'Lugar de Nacimiento',
  `usde_departamentomunicipio` varchar(250) DEFAULT NULL COMMENT 'Departamento y Municipio',
  `usde_estadocivil` varchar(250) DEFAULT NULL COMMENT 'Estado Civil',
  `usde_edad` varchar(250) NOT NULL COMMENT 'Edad',
  `usde_documentotipo` varchar(250) NOT NULL COMMENT 'Tipo de Documento',
  `usde_documentonumero` varchar(250) NOT NULL COMMENT 'Número de Documento',
  `usde_sexo` varchar(250) DEFAULT NULL COMMENT 'Sexo',
  `usde_direccionnucleofamiliar` varchar(250) DEFAULT NULL COMMENT 'Dirección del Núcleo Familiar',
  `usde_ciudadnucleofamiliar` varchar(250) DEFAULT NULL COMMENT 'Ciudad del Núcleo Familiar',
  `usde_telefonofamiliar` varchar(250) DEFAULT NULL COMMENT 'Teléfono Familiar',
  `usde_direccionactual` varchar(250) NOT NULL COMMENT 'Dirección Actual',
  `usde_ciudadactual` varchar(250) NOT NULL COMMENT 'Ciudad Actual',
  `usde_celular` varchar(250) NOT NULL COMMENT 'Celular',
  `usde_email` varchar(250) NOT NULL COMMENT 'Correo Electrónico',
  `usde_nombrecentrodocente` varchar(250) NOT NULL COMMENT 'Nombre del Centro Docente',
  `usde_carreraprograma` varchar(250) NOT NULL COMMENT 'Carrera o Programa de Estudio',
  `usde_ciudadcentrodocente` varchar(250) NOT NULL COMMENT 'Ciudad del Centro Docente',
  `usde_paiscentrodocente` varchar(250) DEFAULT NULL COMMENT 'País del Centro Docente',
  `usde_jornada` varchar(250) DEFAULT NULL COMMENT 'Jornada',
  `usde_cursosemestre` varchar(250) DEFAULT NULL COMMENT 'Curso o Semestre',
  `usde_dependenciaeconomica` varchar(250) DEFAULT NULL COMMENT 'Dependencia Económica',
  `usde_ingresosmensualesfamilia` varchar(250) DEFAULT NULL COMMENT 'Ingresos Mensuales del Núcleo Familiar',
  `usde_viveconfamilia` varchar(250) DEFAULT NULL COMMENT 'Vive con Su Familia',
  `usde_pagaarriendo` varchar(250) DEFAULT NULL COMMENT 'Paga Arriendo',
  `usde_estratosocioeconomico` varchar(250) DEFAULT NULL COMMENT 'Estrato Socioeconómico',
  `usde_primerapellidopadre` varchar(250) DEFAULT NULL COMMENT 'Primer Apellido del Padre',
  `usde_segundoapellidopadre` varchar(250) DEFAULT NULL COMMENT 'Segundo Apellido del Padre',
  `usde_nombrepadre` varchar(250) DEFAULT NULL COMMENT 'Nombre del Padre',
  `usde_documentopadre` varchar(250) DEFAULT NULL COMMENT 'Documento del Padre',
  `usde_lugarnacimientopadre` varchar(250) DEFAULT NULL COMMENT 'Lugar de Nacimiento del Padre',
  `usde_fechanacimientopadre` varchar(250) DEFAULT NULL COMMENT 'Fecha de Nacimiento del Padre',
  `usde_direccionresidenciapadre` varchar(250) DEFAULT NULL COMMENT 'Dirección de Residencia del Padre',
  `usde_ciudadresidenciapadre` varchar(250) DEFAULT NULL COMMENT 'Ciudad de Residencia del Padre',
  `usde_telefonocelularpadre` varchar(250) DEFAULT NULL COMMENT 'Teléfono Celular del Padre',
  `usde_lugartrabajopadre` varchar(250) DEFAULT NULL COMMENT 'Lugar de Trabajo del Padre',
  `usde_direcciontrabajopadre` varchar(250) DEFAULT NULL COMMENT 'Dirección de Trabajo del Padre',
  `usde_telefonotrabajopadre` varchar(250) DEFAULT NULL COMMENT 'Teléfono de Trabajo del Padre',
  `usde_primerapellidomadre` varchar(250) DEFAULT NULL COMMENT 'Primer Apellido de la Madre',
  `usde_segundoapellidomadre` varchar(250) DEFAULT NULL COMMENT 'Segundo Apellido de la Madre',
  `usde_nombremadre` varchar(250) DEFAULT NULL COMMENT 'Nombre de la Madre',
  `usde_documentomadre` varchar(250) DEFAULT NULL COMMENT 'Documento de la Madre',
  `usde_lugarnacimientomadre` varchar(250) DEFAULT NULL COMMENT 'Lugar de Nacimiento de la Madre',
  `usde_fechanacimientomadre` varchar(250) DEFAULT NULL COMMENT 'Fecha de Nacimiento de la Madre',
  `usde_direccionresidenciamadre` varchar(250) DEFAULT NULL COMMENT 'Dirección de Residencia de la Madre',
  `usde_ciudadresidenciamadre` varchar(250) DEFAULT NULL COMMENT 'Ciudad de Residencia de la Madre',
  `usde_telefonocelularmadre` varchar(250) DEFAULT NULL COMMENT 'Teléfono Celular de la Madre',
  `usde_lugartrabajomadre` varchar(250) DEFAULT NULL COMMENT 'Lugar de Trabajo de la Madre',
  `usde_direcciontrabajomadre` varchar(250) DEFAULT NULL COMMENT 'Dirección de Trabajo de la Madre',
  `usde_telefonotrabajomadre` varchar(250) DEFAULT NULL COMMENT 'Teléfono de Trabajo de la Madre',
  `usde_primerapellidocodeudor1` varchar(250) DEFAULT NULL COMMENT 'Primer Apellido del Primer Codeudor',
  `usde_segundoapellidocodeudor1` varchar(250) DEFAULT NULL COMMENT 'Segundo Apellido del Primer Codeudor',
  `usde_nombrecodeudor1` varchar(250) DEFAULT NULL COMMENT 'Nombre del Primer Codeudor',
  `usde_documentocodeudor1` varchar(250) DEFAULT NULL COMMENT 'Documento del Primer Codeudor',
  `usde_direccionresidenciacodeudor1` varchar(250) DEFAULT NULL COMMENT 'Dirección de Residencia del Primer Codeudor',
  `usde_ciudadresidenciacodeudor1` varchar(250) DEFAULT NULL COMMENT 'Ciudad de Residencia del Primer Codeudor',
  `usde_telefonocelularcodeudor1` varchar(250) DEFAULT NULL COMMENT 'Teléfono Celular del Primer Codeudor',
  `usde_primerapellidocodeudor2` varchar(250) DEFAULT NULL COMMENT 'Primer Apellido del Segundo Codeudor',
  `usde_segundoapellidocodeudor2` varchar(250) DEFAULT NULL COMMENT 'Segundo Apellido del Segundo Codeudor',
  `usde_nombrecodeudor2` varchar(250) DEFAULT NULL COMMENT 'Nombre del Segundo Codeudor',
  `usde_documentocodeudor2` varchar(250) DEFAULT NULL COMMENT 'Documento del Segundo Codeudor',
  `usde_direccionresidenciacodeudor2` varchar(250) DEFAULT NULL COMMENT 'Dirección de Residencia del Segundo Codeudor',
  `usde_ciudadresidenciacodeudor2` varchar(250) DEFAULT NULL COMMENT 'Ciudad de Residencia del Segundo Codeudor',
  `usde_telefonocelularcodeudor2` varchar(250) DEFAULT NULL COMMENT 'Teléfono Celular del Segundo Codeudor',
  PRIMARY KEY (`usde_id`),
  UNIQUE KEY `usde_id_UNIQUE` (`usde_id`),
  UNIQUE KEY `usde_user_id_UNIQUE` (`usde_user_id`),
  CONSTRAINT `fk_usersdetalles_user` FOREIGN KEY (`usde_user_id`) REFERENCES `user` (`id`)
) ENGINE=InnoDB DEFAULT CHARSET=utf8mb3;



/*Data for the table `usersdetalles` */








